n 87062 is divided by 4142.
80
Calculate the remainder when 37006049 is divided by 1423308.
41
What is the remainder when 11056607 is divided by 733?
35
What is the remainder when 141539 is divided by 337?
336
What is the remainder when 1019254 is divided by 56623?
40
What is the remainder when 851339 is divided by 609?
566
Calculate the remainder when 54067680 is divided by 187.
183
What is the remainder when 8575 is divided by 1094?
917
What is the remainder when 723537 is divided by 241052?
381
What is the remainder when 1435668 is divided by 717827?
14
What is the remainder when 103671021 is divided by 75?
21
What is the remainder when 1452645 is divided by 207517?
26
Calculate the remainder when 30246964 is divided by 47633.
9
What is the remainder when 10568231 is divided by 943?
30
What is the remainder when 66100 is divided by 1309?
650
Calculate the remainder when 180943 is divided by 13624.
3831
Calculate the remainder when 1121811 is divided by 300.
111
Calculate the remainder when 369929 is divided by 280.
49
Calculate the remainder when 1665043 is divided by 832372.
299
What is the remainder when 1247253 is divided by 8099?
7
Calculate the remainder when 958429 is divided by 1377.
37
What is the remainder when 715322 is divided by 95?
67
Calculate the remainder when 1892751 is divided by 511.
7
What is the remainder when 25378974 is divided by 15?
9
What is the remainder when 157608 is divided by 601?
146
What is the remainder when 448661 is divided by 149518?
107
What is the remainder when 55791569 is divided by 410?
409
Calculate the remainder when 74195 is divided by 73615.
580
What is the remainder when 86142897 is divided by 1083?
1077
What is the remainder when 203630 is divided by 101724?
182
Calculate the remainder when 673534 is divided by 5608.
574
Calculate the remainder when 6100 is divided by 5548.
552
Calculate the remainder when 2382577 is divided by 44.
21
What is the remainder when 119336642 is divided by 532?
530
Calculate the remainder when 58209 is divided by 212.
121
What is the remainder when 4946935 is divided by 235568?
7
Calculate the remainder when 42222 is divided by 1507.
26
What is the remainder when 780893 is divided by 221?
100
Calculate the remainder when 5006374 is divided by 2503180.
14
Calculate the remainder when 158311 is divided by 249.
196
Calculate the remainder when 841631635 is divided by 32.
19
What is the remainder when 585519657 is divided by 20?
17
Calculate the remainder when 1484839 is divided by 834.
319
Calculate the remainder when 4328816 is divided by 618398.
30
Calculate the remainder when 23859940 is divided by 11929960.
20
What is the remainder when 3262322 is divided by 1860?
1742
What is the remainder when 49990900 is divided by 27?
22
Calculate the remainder when 179391 is divided by 14929.
243
What is the remainder when 55007007 is divided by 259?
69
What is the remainder when 2371447 is divided by 474288?
7
Calculate the remainder when 519326 is divided by 518844.
482
Calculate the remainder when 171922387 is divided by 22.
21
Calculate the remainder when 4300605 is divided by 78.
75
Calculate the remainder when 280417 is divided by 10785.
7
What is the remainder when 984510393 is divided by 108?
105
What is the remainder when 29001473 is divided by 433?
432
What is the remainder when 109200 is divided by 1681?
1616
Calculate the remainder when 95634 is divided by 5813.
2626
Calculate the remainder when 28521 is divided by 649.
614
Calculate the remainder when 19878 is divided by 9828.
222
What is the remainder when 1869318 is divided by 674?
316
Calculate the remainder when 1656001 is divided by 30109.
6
What is the remainder when 17416023 is divided by 172?
163
What is the remainder when 26292529 is divided by 2320?
2289
What is the remainder when 2617964 is divided by 100689?
50
What is the remainder when 546397 is divided by 80?
77
What is the remainder when 591121 is divided by 693?
685
What is the remainder when 141763 is divided by 47242?
37
Calculate the remainder when 56954895 is divided by 17.
16
What is the remainder when 31642669 is divided by 52?
45
Calculate the remainder when 496254 is divided by 19.
12
Calculate the remainder when 80453759 is divided by 3446.
3443
What is the remainder when 286055960 is divided by 9162?
9158
Calculate the remainder when 4392668 is divided by 21.
14
Calculate the remainder when 225287 is divided by 112606.
75
What is the remainder when 614179 is divided by 6898?
257
What is the remainder when 10186552 is divided by 408?
16
What is the remainder when 1932291 is divided by 233?
22
What is the remainder when 159037818 is divided by 405?
393
What is the remainder when 53012566 is divided by 4996?
10
Calculate the remainder when 103337 is divided by 11152.
2969
What is the remainder when 14302289 is divided by 325051?
45
Calculate the remainder when 774886 is divided by 79.
54
Calculate the remainder when 153433227 is divided by 69.
66
What is the remainder when 9723941 is divided by 2158?
2151
What is the remainder when 72878 is divided by 111?
62
Calculate the remainder when 47614071 is divided by 43.
42
What is the remainder when 4488446 is divided by 249357?
20
Calculate the remainder when 1218501 is divided by 713.
697
Calculate the remainder when 41147287 is divided by 80.
7
What is the remainder when 792436953 is divided by 1977?
1974
What is the remainder when 22489722 is divided by 569?
566
What is the remainder when 129623 is divided by 161?
18
What is the remainder when 149537606 is divided by 37?
34
What is the remainder when 158805 is divided by 52885?
150
What is the remainder when 273959 is divided by 16797?
5207
What is the remainder when 404462 is divided by 690?
122
What is the remainder when 15786 is divided by 175?
36
Calculate the remainder when 468414 is divided by 4073.
19
What is the remainder when 582376 is divided by 23295?
1
Calculate the remainder when 780198 is divided by 801.
24
Calculate the remainder when 58028 is divided by 4358.
1374
What is the remainder when 2394693 is divided by 107?
33
What is the remainder when 484699 is divided by 274?
267
What is the remainder when 91538 is divided by 4718?
1896
What is the remainder when 11964 is divided by 5640?
684
Calculate the remainder when 5020037 is divided by 835.
17
What is the remainder when 1902942 is divided by 188?
6
Calculate the remainder when 53950529 is divided by 24412.
9
Calculate the remainder when 28873158 is divided by 152768.
6
Calculate the remainder when 93607 is divided by 230.
227
Calculate the remainder when 58982 is divided by 4913.
26
Calculate the remainder when 21531 is divided by 10351.
829
What is the remainder when 27924842 is divided by 2795?
2792
Calculate the remainder when 17899 is divided by 8652.
595
Calculate the remainder when 41223056 is divided by 5246.
5234
What is the remainder when 550089 is divided by 549932?
157
Calculate the remainder when 4540155 is divided by 162140.
235
What is the remainder when 2792812 is divided by 2231?
1831
What is the remainder when 166080 is divided by 6402?
6030
What is the remainder when 677637 is divided by 224086?
5379
Calculate the remainder when 125154 is divided by 2240.
1954
What is the remainder when 5522904 is divided by 98623?
16
What is the remainder when 135611 is divided by 135588?
23
Calculate the remainder when 120405 is divided by 8401.
2791
Calculate the remainder when 662884 is divided by 3922.
66
What is the remainder when 167524098 is divided by 38?
34
What is the remainder when 59209 is divided by 19170?
1699
What is the remainder when 181464 is divided by 90250?
964
What is the remainder when 123297780 is divided by 38?
16
What is the remainder when 944017 is divided by 2384?
2337
What is the remainder when 9289637 is divided by 29?
9
Calculate the remainder when 251350 is divided by 751.
516
Calculate the remainder when 5500539 is divided by 7228.
31
What is the remainder when 327575 is divided by 60?
35
What is the remainder when 2749619 is divided by 141?
119
Calculate the remainder when 12720213 is divided by 14.
9
Calculate the remainder when 159744 is divided by 26614.
60
Calculate the remainder when 1761049 is divided by 471.
451
What is the r